{"id":66,"date":"2023-03-30T17:46:12","date_gmt":"2023-03-30T17:46:12","guid":{"rendered":"https:\/\/szkolalutowiska.pl\/?page_id=66"},"modified":"2025-10-07T12:35:00","modified_gmt":"2025-10-07T12:35:00","slug":"rada-rodzicow","status":"publish","type":"page","link":"https:\/\/szkolalutowiska.pl\/?page_id=66","title":{"rendered":"Rada Rodzic\u00f3w"},"content":{"rendered":"\n<p class=\"has-text-align-center\"><strong>R A D A&nbsp;&nbsp; R O D Z I C \u00d3 W<\/strong><\/p>\n\n\n\n<p class=\"has-text-align-center\"><strong>Z E S P O \u0141 U&nbsp;&nbsp; S Z K \u00d3 \u0141&nbsp;&nbsp;&nbsp; W&nbsp;&nbsp;&nbsp; L U T O W I S K A C H<\/strong><\/p>\n\n\n\n<p class=\"has-text-align-center\"><strong>w\u00a0 r o k u\u00a0\u00a0 s z k o l n y m\u00a0\u00a0\u00a0 2 0 2 5\/ 2 0 2 6<\/strong><\/p>\n\n\n\n<p class=\"has-text-align-center\">Przewodnicz\u0105ca : <strong>P.\u00a0\u00a0 Izabela Remiszewska<\/strong><\/p>\n\n\n\n<p class=\"has-text-align-center\">Zast\u0119pca przewodnicz\u0105cej: <strong>P.\u00a0\u00a0 Renata Torbi\u0144ska<\/strong><\/p>\n\n\n\n<p class=\"has-text-align-center\">Skarbnik: <strong>P.&nbsp;&nbsp; Agata Lenkiewicz &#8211; Bardzi\u0144ska<\/strong><\/p>\n\n\n\n<p class=\"has-text-align-center\">Sekretarz: <strong>P.&nbsp;&nbsp; Damian Wi\u015bniewski<\/strong><\/p>\n\n\n\n<p class=\"has-text-align-center\"><\/p>\n","protected":false},"excerpt":{"rendered":"<p>R A D A&nbsp;&nbsp; R O D Z I C \u00d3 W Z E S P O \u0141 U&nbsp;&nbsp; S Z K \u00d3 \u0141&nbsp;&nbsp;&nbsp; W&nbsp;&nbsp;&nbsp; L U T O W I S K A C H w\u00a0 r o k &hellip; <a class=\"kt-excerpt-readmore more-link\" href=\"https:\/\/szkolalutowiska.pl\/?page_id=66\">Read More<\/a><\/p>\n","protected":false},"author":1,"featured_media":0,"parent":0,"menu_order":0,"comment_status":"closed","ping_status":"closed","template":"","meta":{"kt_blocks_editor_width":"","footnotes":""},"class_list":["post-66","page","type-page","status-publish","hentry"],"_links":{"self":[{"href":"https:\/\/szkolalutowiska.pl\/index.php?rest_route=\/wp\/v2\/pages\/66","targetHints":{"allow":["GET"]}}],"collection":[{"href":"https:\/\/szkolalutowiska.pl\/index.php?rest_route=\/wp\/v2\/pages"}],"about":[{"href":"https:\/\/szkolalutowiska.pl\/index.php?rest_route=\/wp\/v2\/types\/page"}],"author":[{"embeddable":true,"href":"https:\/\/szkolalutowiska.pl\/index.php?rest_route=\/wp\/v2\/users\/1"}],"replies":[{"embeddable":true,"href":"https:\/\/szkolalutowiska.pl\/index.php?rest_route=%2Fwp%2Fv2%2Fcomments&post=66"}],"version-history":[{"count":7,"href":"https:\/\/szkolalutowiska.pl\/index.php?rest_route=\/wp\/v2\/pages\/66\/revisions"}],"predecessor-version":[{"id":2457,"href":"https:\/\/szkolalutowiska.pl\/index.php?rest_route=\/wp\/v2\/pages\/66\/revisions\/2457"}],"wp:attachment":[{"href":"https:\/\/szkolalutowiska.pl\/index.php?rest_route=%2Fwp%2Fv2%2Fmedia&parent=66"}],"curies":[{"name":"wp","href":"https:\/\/api.w.org\/{rel}","templated":true}]}}