{"id":58,"date":"2023-03-30T17:40:18","date_gmt":"2023-03-30T17:40:18","guid":{"rendered":"https:\/\/szkolalutowiska.pl\/?page_id=58"},"modified":"2023-03-30T17:40:19","modified_gmt":"2023-03-30T17:40:19","slug":"zdalna-szkola","status":"publish","type":"page","link":"https:\/\/szkolalutowiska.pl\/?page_id=58","title":{"rendered":"Zdalna Szko\u0142a +"},"content":{"rendered":"\n<p>Gmina Lutowiska we wsp\u00f3\u0142pracy z Zespo\u0142em Szk\u00f3\u0142 w Lutowiskach, w ramach projektu \u201eZdalna Szko\u0142a + \u201d, pozyska\u0142a grant w wysoko\u015bci 35 000 z\u0142 na zakup sprz\u0119tu dla uczni\u00f3w.<\/p>\n\n\n\n<p>Projekt jest odpowiedzi\u0105 na obecn\u0105 sytuacj\u0119 szkolnictwa, zwi\u0105zan\u0105 z wprowadzeniem na obszarze Rzeczypospolitej Polskiej stanu epidemii, spowodowanym zaka\u017ceniami koronawirusem. Laptopy pozwol\u0105 dzieciom, kt\u00f3re nie mia\u0142y dotychczas takiej mo\u017cliwo\u015bci, kontynuowanie realizacji podstawy programowej w warunkach domowych.<\/p>\n\n\n\n<p>Projekt jest realizowany w ramach Programu Operacyjnego Polska Cyfrowa na lata 2014-2020, Osi Priorytetowej nr I \u201ePowszechny dost\u0119p do szybkiego Internetu\u201d dzia\u0142ania 1. 1 \u201eWyeliminowanie terytorialnych r\u00f3\u017cnic w mo\u017cliwo\u015bci dost\u0119pu do szerokopasmowego internetu o wysokich przepustowo\u015bciach\u201d dotycz\u0105ca realizacji projektu grantowego pn.: Zdalna Szko\u0142a \u2013 wsparcie Og\u00f3lnopolskiej Sieci Edukacyjnej w systemie kszta\u0142cenia zdalnego w ramach Europejskiego Funduszu Rozwoju Regionalnego.<\/p>\n\n\n\n<p>Dzia\u0142anie jest finansowane ze \u015brodk\u00f3w Europejskiego Funduszu Rozwoju Regionalnego w ramach Programu Operacyjnego Polska Cyfrowa na lata 2014-2020.<\/p>\n\n\n\n<figure class=\"wp-block-image size-full\"><img loading=\"lazy\" decoding=\"async\" width=\"578\" height=\"69\" src=\"https:\/\/szkolalutowiska.pl\/wp-content\/uploads\/2023\/03\/image-3.png\" alt=\"\" class=\"wp-image-59\" srcset=\"https:\/\/szkolalutowiska.pl\/wp-content\/uploads\/2023\/03\/image-3.png 578w, https:\/\/szkolalutowiska.pl\/wp-content\/uploads\/2023\/03\/image-3-300x36.png 300w\" sizes=\"auto, (max-width: 578px) 100vw, 578px\" \/><\/figure>\n","protected":false},"excerpt":{"rendered":"<p>Gmina Lutowiska we wsp\u00f3\u0142pracy z Zespo\u0142em Szk\u00f3\u0142 w Lutowiskach, w ramach projektu \u201eZdalna Szko\u0142a + \u201d, pozyska\u0142a grant w wysoko\u015bci 35 000 z\u0142 na zakup sprz\u0119tu dla uczni\u00f3w. Projekt jest odpowiedzi\u0105 na obecn\u0105 sytuacj\u0119 szkolnictwa, zwi\u0105zan\u0105 z wprowadzeniem na obszarze &hellip; <a class=\"kt-excerpt-readmore more-link\" href=\"https:\/\/szkolalutowiska.pl\/?page_id=58\">Read More<\/a><\/p>\n","protected":false},"author":1,"featured_media":0,"parent":0,"menu_order":0,"comment_status":"closed","ping_status":"closed","template":"","meta":{"kt_blocks_editor_width":"","footnotes":""},"class_list":["post-58","page","type-page","status-publish","hentry"],"_links":{"self":[{"href":"https:\/\/szkolalutowiska.pl\/index.php?rest_route=\/wp\/v2\/pages\/58","targetHints":{"allow":["GET"]}}],"collection":[{"href":"https:\/\/szkolalutowiska.pl\/index.php?rest_route=\/wp\/v2\/pages"}],"about":[{"href":"https:\/\/szkolalutowiska.pl\/index.php?rest_route=\/wp\/v2\/types\/page"}],"author":[{"embeddable":true,"href":"https:\/\/szkolalutowiska.pl\/index.php?rest_route=\/wp\/v2\/users\/1"}],"replies":[{"embeddable":true,"href":"https:\/\/szkolalutowiska.pl\/index.php?rest_route=%2Fwp%2Fv2%2Fcomments&post=58"}],"version-history":[{"count":1,"href":"https:\/\/szkolalutowiska.pl\/index.php?rest_route=\/wp\/v2\/pages\/58\/revisions"}],"predecessor-version":[{"id":61,"href":"https:\/\/szkolalutowiska.pl\/index.php?rest_route=\/wp\/v2\/pages\/58\/revisions\/61"}],"wp:attachment":[{"href":"https:\/\/szkolalutowiska.pl\/index.php?rest_route=%2Fwp%2Fv2%2Fmedia&parent=58"}],"curies":[{"name":"wp","href":"https:\/\/api.w.org\/{rel}","templated":true}]}}