{"id":55,"date":"2023-03-30T17:37:57","date_gmt":"2023-03-30T17:37:57","guid":{"rendered":"https:\/\/szkolalutowiska.pl\/?page_id=55"},"modified":"2025-09-02T08:10:53","modified_gmt":"2025-09-02T08:10:53","slug":"dyrekcja","status":"publish","type":"page","link":"https:\/\/szkolalutowiska.pl\/?page_id=55","title":{"rendered":"Dyrekcja"},"content":{"rendered":"\n<p><strong>Dyrekcja Zespo\u0142u Szk\u00f3\u0142 w Lutowiskach<\/strong><\/p>\n\n\n\n<ul class=\"wp-block-list\">\n<li>Dyrektor szko\u0142y &#8211;\u00a0<strong>Joanna Pe\u0142diak<\/strong><\/li>\n<\/ul>\n\n\n\n<p><\/p>\n\n\n\n<ul class=\"wp-block-list\">\n<li><strong>Kadra kierownicza szko\u0142y pocz\u0105wszy od 1951 roku (kierowniczki i dyrektorzy)<\/strong><\/li>\n\n\n\n<li>Anna Sobiecka<\/li>\n\n\n\n<li>Tadeusz Konieczny<\/li>\n\n\n\n<li>Irena Bruka\u0142o<\/li>\n\n\n\n<li>Kazimierz Garstka<\/li>\n\n\n\n<li>Miros\u0142awa Cichacz<\/li>\n\n\n\n<li>Janina Hrabal<\/li>\n\n\n\n<li>Barbara Strycharz &#8211; Kluz<\/li>\n\n\n\n<li>Agnieszka Magda (gimnazjum)<\/li>\n\n\n\n<li>Ewa Nahajowska<\/li>\n\n\n\n<li>Marta Polecho\u0144ska<\/li>\n\n\n\n<li>Beata Krukowska <\/li>\n\n\n\n<li>Joanna Pe\u0142diak<\/li>\n<\/ul>\n\n\n\n<p><\/p>\n","protected":false},"excerpt":{"rendered":"<p>Dyrekcja Zespo\u0142u Szk\u00f3\u0142 w Lutowiskach<\/p>\n","protected":false},"author":1,"featured_media":0,"parent":0,"menu_order":0,"comment_status":"closed","ping_status":"closed","template":"","meta":{"kt_blocks_editor_width":"","footnotes":""},"class_list":["post-55","page","type-page","status-publish","hentry"],"_links":{"self":[{"href":"https:\/\/szkolalutowiska.pl\/index.php?rest_route=\/wp\/v2\/pages\/55","targetHints":{"allow":["GET"]}}],"collection":[{"href":"https:\/\/szkolalutowiska.pl\/index.php?rest_route=\/wp\/v2\/pages"}],"about":[{"href":"https:\/\/szkolalutowiska.pl\/index.php?rest_route=\/wp\/v2\/types\/page"}],"author":[{"embeddable":true,"href":"https:\/\/szkolalutowiska.pl\/index.php?rest_route=\/wp\/v2\/users\/1"}],"replies":[{"embeddable":true,"href":"https:\/\/szkolalutowiska.pl\/index.php?rest_route=%2Fwp%2Fv2%2Fcomments&post=55"}],"version-history":[{"count":2,"href":"https:\/\/szkolalutowiska.pl\/index.php?rest_route=\/wp\/v2\/pages\/55\/revisions"}],"predecessor-version":[{"id":2304,"href":"https:\/\/szkolalutowiska.pl\/index.php?rest_route=\/wp\/v2\/pages\/55\/revisions\/2304"}],"wp:attachment":[{"href":"https:\/\/szkolalutowiska.pl\/index.php?rest_route=%2Fwp%2Fv2%2Fmedia&parent=55"}],"curies":[{"name":"wp","href":"https:\/\/api.w.org\/{rel}","templated":true}]}}