{"id":111,"date":"2023-03-30T18:36:40","date_gmt":"2023-03-30T18:36:40","guid":{"rendered":"https:\/\/szkolalutowiska.pl\/?page_id=111"},"modified":"2024-04-04T06:41:54","modified_gmt":"2024-04-04T06:41:54","slug":"oswiadczenie-o-uczeszczaniu-na-religie-etyke","status":"publish","type":"page","link":"https:\/\/szkolalutowiska.pl\/?page_id=111","title":{"rendered":"O\u015bwiadczenie o ucz\u0119szczaniu na religi\u0119\/etyk\u0119"},"content":{"rendered":"\n<p><a href=\"https:\/\/drive.google.com\/file\/d\/1nWsYPXcBYlzrMrxsGbMhzoq0tVv2Pz0c\/view\">Wz\u00f3r o\u015bwiadczenia do pobrania<\/a><\/p>\n","protected":false},"excerpt":{"rendered":"<p>Wz\u00f3r o\u015bwiadczenia do pobrania<\/p>\n","protected":false},"author":1,"featured_media":0,"parent":0,"menu_order":0,"comment_status":"closed","ping_status":"closed","template":"","meta":{"kt_blocks_editor_width":"","footnotes":""},"class_list":["post-111","page","type-page","status-publish","hentry"],"_links":{"self":[{"href":"https:\/\/szkolalutowiska.pl\/index.php?rest_route=\/wp\/v2\/pages\/111","targetHints":{"allow":["GET"]}}],"collection":[{"href":"https:\/\/szkolalutowiska.pl\/index.php?rest_route=\/wp\/v2\/pages"}],"about":[{"href":"https:\/\/szkolalutowiska.pl\/index.php?rest_route=\/wp\/v2\/types\/page"}],"author":[{"embeddable":true,"href":"https:\/\/szkolalutowiska.pl\/index.php?rest_route=\/wp\/v2\/users\/1"}],"replies":[{"embeddable":true,"href":"https:\/\/szkolalutowiska.pl\/index.php?rest_route=%2Fwp%2Fv2%2Fcomments&post=111"}],"version-history":[{"count":3,"href":"https:\/\/szkolalutowiska.pl\/index.php?rest_route=\/wp\/v2\/pages\/111\/revisions"}],"predecessor-version":[{"id":664,"href":"https:\/\/szkolalutowiska.pl\/index.php?rest_route=\/wp\/v2\/pages\/111\/revisions\/664"}],"wp:attachment":[{"href":"https:\/\/szkolalutowiska.pl\/index.php?rest_route=%2Fwp%2Fv2%2Fmedia&parent=111"}],"curies":[{"name":"wp","href":"https:\/\/api.w.org\/{rel}","templated":true}]}}